 of f.
2, 5
Let a(l) = 2*l - 3. Let p be a(4). Let k = -1 - p. What are the prime factors of (-60)/(-5)*(-4)/k?
2
Let r = 8 + -6. Let k(q) = 1 - q + 5*q**2 + 1 - 4*q**r. List the prime factors of k(3).
2
Let p(x) be the first derivative of -3*x**3 + 3*x + 4*x**2 - 2 + 1/4*x**4. What are the prime factors of p(8)?
3
Let s(x) = 7*x**3 - 2*x**2 - 2*x + 3. Let p be 6/(-4)*(-4)/3. Let d be s(p). Suppose -12 + d = 5*a - 2*v, 5*a - 4*v = 25. List the prime factors of a.
3
Let v(b) = 8*b**2 + b + 2. What are the prime factors of v(-3)?
71
Let g = 64 + -37. What are the prime factors of g?
3
Let l = 4 - 0. Let j(g) = -g + l*g - g - 5. What are the prime factors of j(5)?
5
Let k be 6/(5 - 2) + 0. Let z be 3 + -1 - (-2)/k. Suppose 1 = q - z. What are the prime factors of q?
2
Suppose -2*n + n + 135 = 0. Suppose 3*o + 2*o - n = 0. What are the prime factors of o?
3
Let u be -25*1/(5/(-14)). Suppose 0 = 3*w - 5 - u. Let c = w - 9. What are the prime factors of c?
2
Let n(p) = -p + 11. Let z be n(6). Suppose f = z*f - 52. Let w = f + -9. List the prime factors of w.
2
Suppose -1242 = -4*q - 14*q. What are the prime factors of q?
3, 23
Suppose -2*t + 4*n = -0*t - 4, -3*n = -4*t + 3. Suppose t = -4*s - 0*s + 32. Suppose s = 2*c + 2*c. What are the prime factors of c?
2
Let a(o) = -10 + o + 3*o - 2*o + 0*o. What are the prime factors of a(6)?
2
Let o be 0 + (2 - 1) - -4. Suppose -s + o*s - 8 = 0. What are the prime factors of s?
2
Suppose -4 = 6*k - 2*k - 3*q, 3*k - 2*q = -2. Suppose 0 = k*p + 5 - 21. List the prime factors of 31/4 - (-2)/p.
2
Let b(r) = 5*r**2 - 4*r + 5. Let c be b(5). Suppose -c - 74 = 4*d. What are the prime factors of 5/15 - d/6?
2
Suppose -2 = -w - 5*g + 7, -51 = -4*w - 5*g. List the prime factors of w.
2, 7
Let r(p) = p**3 + p**2 - p - 2. Let z be r(2). Suppose -22 = -3*c + z. What are the prime factors of 20/(-25)*(0 - c)?
2
Suppose -24 - 51 = -5*x. What are the prime factors of x?
3, 5
Let v(p) = -p**3 + 11*p**2 - p + 10. Let x be v(11). What are the prime factors of x/((-4)/12) - -22?
5
Let f = 1 + -10. Let o be 15/1 - (2 - 3). Let q = o + f. What are the prime factors of q?
7
Suppose -119 = 10*f - 1209. List the prime factors of f.
109
Suppose -2*c = -4*a - 8, 0 = 5*c - a - a - 4. Suppose -5*h + 45 = -c*h. What are the prime factors of h?
3
Let p = 78 - 31. List the prime factors of p.
47
Suppose 61*w + 600 = 67*w. List the prime factors of w.
2, 5
Suppose 2*f - 37 = -3*i, -f + 12 = i - 0*f. Suppose v + a = i, 0 = 5*v + 4*a - 18 - 43. Suppose 5*k - 1 = v. What are the prime factors of k?
2
Suppose 5*c = 15, b + 0*b - 1 = -2*c. Let i = -2 - b. List the prime factors of i.
3
Let c(r) = 0 + 60*r**2 + 2 + 0 - 1. What are the prime factors of c(-1)?
61
Let p(w) = w**2 - 5*w + 1. Let b be p(5). Let t = 20 - 12. Let g = b + t. List the prime factors of g.
3
Let s = -14 - -34. List the prime factors of s.
2, 5
List the prime factors of ((-80)/(-25))/(2/(-20)*-1).
2
Suppose 4*t = -5*l + 135, -l = -0*t - 4*t - 27. List the prime factors of l.
3
Let u = 6 + -7. Let q = 2 - u. What are the prime factors of q?
3
Let g(p) = 3*p - 5. Let d(n) = 16*n - 26. Let y(j) = -2*d(j) + 11*g(j). List the prime factors of y(6).
3
Let p(o) = o**2 + 3*o. Let k be p(-4). Let g be 250/k + 4/(-8). Suppose 0 = 3*b - 6, 2*b - 4*b = -3*w + g. What are the prime factors of w?
2, 11
Suppose 17 = -4*t - 5*r, t = -4*t - 2*r. Suppose 3*f = 2*h + t, -11 = f - 5*h + 2*h. Suppose -2*v - 10 = f*w - 54, 50 = 4*w + 5*v. List the prime factors of w.
2, 5
Let s(h) = -4*h**3 - h + 6*h**3 - 2*h**2 + 0 + 0*h + 1. List the prime factors of s(2).
7
Suppose m = 60 - 19. List the prime factors of m.
41
Suppose 0 = -6*n + 10*n + 12, v - 5*n = 105. What are the prime factors of v?
2, 3, 5
Suppose 0*f - 5*f + 10 = 0. Suppose -f*l = -21 + 5. List the prime factors of 1/(-4) + 66/l.
2
Let r = 4 + 1. Let k(m) = -3*m**3 - 2*m**2 - m. Let a be k(-1). Suppose -45 = a*j - r*j. List the prime factors of j.
3, 5
Let b(f) = -f**3 + 5*f**2 - 5*f - 2. Let r(m) = m**2 + m - 1. Let c(y) = b(y) + 3*r(y). What are the prime factors of c(7)?
2, 3, 5
Suppose 1 = -3*i - 8. Let x = 1 - i. List the prime factors of x.
2
Let v(h) = -3*h - 3. Let b be v(-2). Suppose 11 + 1 = 3*c. Suppose -c = 2*s - 4*k - 10, s = -b*k + 8. What are the prime factors of s?
5
Let q = -6 - -10. Suppose -2 = 2*x - q. List the prime factors of 6*(3/9)/x.
2
Let y be (2 - (6 - 3)) + -22. Let b = -13 - y. What are the prime factors of b?
2, 5
Let u = -22 - -26. Suppose s + u*s = 35. List the prime factors of s.
7
Let k be (7/(-2))/(1/4). Suppose -2*y + 7 = 51. Let j = k - y. List the prime factors of j.
2
Suppose -4*x + 380 = -0*x. List the prime factors of x.
5, 19
Suppose 0 = -2*o + 58 + 6. Let x = o + -11. Let a = x + -9. List the prime factors of a.
2, 3
Suppose 4 = -k + 6. Suppose 2*z - 4*s + 15 = 5*z, 5 = z - s. Let b = z + k. What are the prime factors of b?
7
Suppose 0 = 2*o - 8 - 2. What are the prime factors of o?
5
Let v be -3 + (-3 + 0 - -3). Let z be v + 2 + 12/4. Suppose 0 = 5*c + 10, -2*m - z*m + 50 = -3*c. What are the prime factors of m?
11
Let v(i) = -3*i + 14. List the prime factors of v(0).
2, 7
Suppose l - 61 = 3*w, 2*w - 4*w + 46 = l. List the prime factors of l.
2, 13
Let t(v) = 3*v**2 + 8*v + 6. Suppose -s - s + 12 = -5*r, -3*s + 2*r = 4. List the prime factors of t(s).
2, 11
Let y be (4/6)/(4/30). Suppose -y*f + 9 = -6. Let b = 1 + f. List the prime factors of b.
2
Let r = -110 - -203. What are the prime factors of r?
3, 31
Let u(d) be the first derivative of d**2/2 + d - 3. List the prime factors of u(6).
7
What are the prime factors of ((-2)/(-4))/((-18)/(-648))?
2, 3
Let g(i) = i**3 + 5*i**2 + 2*i - 5. Let k be g(-4). Suppose -m = 2*y + 2*m - 24, 38 = k*y + 4*m. List the prime factors of y.
2, 3
List the prime factors of (-3)/(-3) + 0 - -4.
5
Suppose 6*l = 5*l + 101. List the prime factors of l.
101
Let y(i) = -i**3 + 10*i**2 - i + 12. Suppose 16 = -3*c - c, 4*c = -4*z + 24. What are the prime factors of y(z)?
2
Let c = 14 + -10. Suppose 0 = 3*s - 11 - c. Let b = s - 1. List the prime factors of b.
2
Suppose -5 = -i - 2, -d = -3*i - 17. What are the prime factors of d?
2, 13
Let i(u) = 2*u**2 - 7*u - 1. What are the prime factors of i(6)?
29
Suppose 0 = -7*r + 2*r + 25. Suppose 2*k = 4*x - 146, -6*x - r*k = -x - 205. List the prime factors of x.
2, 19
Let o(p) = -3*p**3 - 3*p**2 + 3*p + 2. Let b be o(-3). Suppose 21 = 2*q - b. List the prime factors of q.
2, 17
Let r = -12 - -2. Let x = r + 10. Suppose 2*w - w - 17 = x. List the prime factors of w.
17
Suppose -f - 12 = -4*f. Suppose f = -o + 5*o. What are the prime factors of -2 + (3 - o - -8)?
2
Suppose 2*m - 39 = 29. What are the prime factors of m?
2, 17
Suppose -15 - 9 = -5*f - 4*c, -2*c + 2 = 0. Suppose -10 = 2*j - f*j. What are the prime factors of j?
5
Suppose 0 = -4*h - 43 - 17. List the prime factors of (2 - (-7)/(-3))*h.
5
Let z = 12 - 10. Let c be 3/6*z - 5. What are the prime factors of c/(-3)*(-105)/(-7)?
2, 5
Suppose 0 = a - 4*a - 6. Let r be 2 + a + -1 + 0. What are the prime factors of 13 - r*(-1 + 0)?
2, 3
Suppose -12 = 3*h, 3*z - 18 = z + 3*h. Suppose -z*k + 40 = 5*x - 54, -k + 37 = 2*x. What are the prime factors of x?
17
Let m be -2 - (-5)/((-10)/(-36)). Suppose -o - m = -3*o. List the prime factors of o.
2
Suppose -17 + 58 = w. What are the prime factors of w?
41
Let v = 21 - -44. List the prime factors of v.
5, 13
Let b = -13 - -66. What are the prime factors of b?
53
Suppose 4*j - 116 = -0*j. What are the prime factors of j?
29
Let v = 3 + -2. Let j(n) = 0*n + 9*n + 6*n - 4*n + 1. List the prime factors of j(v).
2, 3
Suppose z + 4*m - 6 = 0, 5*z + 4*m - 3*m = 11. Suppose z = -s + 6. List the prime factors of s.
2
Let m(f) = 3*f**2 + 3. Let h be m(-3). Let w = 9 - h. What are the prime factors of w/9*(-6)/2?
7
Let v = -1 - -8. Suppose -v = -z - 27. What are the prime factors of (-4)/2 + (4 - z)?
2, 11
Let o be (1 - 5)/(2/(-2)). Suppose 2*j + 142 = o*a, 5*j - 9 = -4. What are the prime factors of (a/10)/(14/35)?
3
Suppose -5*t + 0*t = 2*f - 67, -52 = -2*f - 2*t. List the prime factors of f.
3, 7
Suppose 2*d - y + 33 = 0, 27 = -2*d + 3*y - 4*y. Let s = 23 + d. Let v(n) = -n + 10. What are the prime factors of v(s)?
2
Suppose 0 = -5*l + 